 -5*o - 3*n. What is the hundreds digit of o?
4
Let b = -1859 - -2613. What is the tens digit of b?
5
Let p(h) = h. Let d(m) = -25*m - 3. Let l(a) = d(a) + 3*p(a). Suppose -5*k + 18 - 33 = 0. What is the tens digit of l(k)?
6
Let r(q) = 6*q**3 - q**2 - q + 1. Let h be (-7)/(-9) + (-28)/(-126). Let d be r(h). Suppose u - d = 5. What is the tens digit of u?
1
Suppose 5*w - 110 = -0. Suppose 24*j = w*j. Suppose j = -q - 4*q + 175. What is the units digit of q?
5
What is the tens digit of (1622/10 + -5)/((-4)/(-30))?
7
Let b(m) = 2*m**2 + 38*m - 85. What is the thousands digit of b(30)?
2
Let z(a) = -a**2 + 7. Let m = -9 - -13. Let i be z(m). Let x(b) = -b**2 - 10*b + 8. What is the tens digit of x(i)?
1
What is the hundreds digit of 1/4*(-240296)/(-98)?
6
Suppose 0 = 9*x - 12*x + 12. Suppose 2*a + 2*a + 4*p = 0, 5*a - 4*p = 18. Suppose -55 = -h + a*j - 6*j, 4*j = -x*h + 172. What is the tens digit of h?
3
Let s be (0 - 2)*(-9)/6. Suppose 7*k - s*k = 0. Suppose x + 3*p + 2 = 4, 5*x + 5*p - 20 = k. What is the units digit of x?
5
Let u(d) = d**2 + d - 6. Let a be u(0). What is the hundreds digit of (1 + (-4)/12)*(-1629)/a?
1
Suppose -2*n + 339 = r - 1428, 4*n - 4*r = 3564. What is the tens digit of n?
8
Let l(r) = -r**3 + 10*r - 10. Let j be l(-5). Let n = j + 16. What is the units digit of n?
1
Let i = -4573 - -6421. What is the units digit of i?
8
Let r = -228 + 473. Suppose -p = -0*p + 3*w - 75, -r = -4*p - w. What is the units digit of p?
0
Suppose 0 = 4*m + k - 2*k - 66, 0 = -5*k - 10. Suppose 0*r - r = -m. What is the units digit of (-4)/(-6) - r/(-3)?
6
What is the thousands digit of 1*(-870)/45*(1 + -298)?
5
Suppose -23 = z + 3*y - 96, -4*y = -5*z + 327. What is the units digit of z?
7
Suppose 0 = 46*g - 41263 - 39375. What is the tens digit of g?
5
Suppose 2408 = 141*n - 134*n. What is the tens digit of n?
4
Let v(t) = -3 + 3 + 5 - 7 - 2*t. Let j be v(-1). Suppose -2*i - 4*l + 85 - 9 = j, 5*i - 4*l - 148 = 0. What is the units digit of i?
2
What is the tens digit of (-48100)/(-52)*6/10?
5
Let f(b) be the second derivative of b**4/12 - b**3/2 - b**2 + 7*b. What is the tens digit of f(9)?
5
Suppose -2*j - 2*j + 4 = -4*q, 5*j = q - 3. Let i be (2/j)/((-12)/(-18)). Let c(r) = 5*r**2 + r - 5. What is the units digit of c(i)?
7
Suppose 0 = 7*l + 3*l + 580. Let k = 149 + l. What is the tens digit of k?
9
Let h(l) = -l - 1. Let i be h(-4). Let b = 7 - i. Suppose w = 5*s + 6*w - 10, 5*s + b*w - 12 = 0. What is the units digit of s?
4
Let i = -2844 + 3204. What is the units digit of i?
0
Let h = 474 + 207. What is the tens digit of h?
8
Let p(a) = -a + 34. Let i be p(11). Let o = -14 - -11. Let n = i - o. What is the tens digit of n?
2
Suppose 0 = 13*h - 3 - 23. Suppose 5 + 459 = 3*b + k, -2*k + 316 = h*b. What is the tens digit of b?
5
Suppose 0*c = 2*c + c. Suppose 4*d = -2*a + 80, -2*a - 20 = -d - c*a. What is the tens digit of d?
2
Suppose 0 = -131*d + 130*d + 130. What is the hundreds digit of d?
1
Suppose -t + 4*t = 6. Let z be (-1 + 2)*(-2)/t. Let b(x) = 11*x**2 + x. What is the units digit of b(z)?
0
Suppose 3*c = -2*u + 2787, 19*u = 14*u. What is the hundreds digit of c?
9
Let w be (-5 - 17)*(-2)/4. Suppose o = -w + 39. What is the units digit of o?
8
Let w be 63/((12/(-8))/(-1)). Suppose 4*s + w = 190. Suppose -3*j = -2*q - s, 0 = -2*j - 3*q + 2 + 40. What is the units digit of j?
5
Let j(c) = c**3 + 14*c**2 - 23*c + 25. What is the units digit of j(9)?
1
Let o(m) = 2*m + 86. What is the tens digit of o(-23)?
4
Let f(j) = 19*j**2 - j. Suppose 2*o + 3*o = -20. Let g be 2/o*2*-1. What is the units digit of f(g)?
8
Let w(u) = -u**2 - 16*u + 13. Let h be w(-19). What is the tens digit of 75/(-15) - (h - 0)?
3
Let k be 1788/15 + (-4)/(-40)*-2. Suppose 102 = 3*o - o - 3*x, 3*o + 4*x = k. What is the units digit of o?
5
Let t = 12 + -10. Suppose t*v = 2*i + 8, -4*i = -0*v - 3*v + 13. Suppose -w + 2 - 1 = 3*x, -2*x = 3*w - v. What is the units digit of w?
1
Let z = -625 + 917. What is the hundreds digit of z?
2
Suppose 4*m - 8 = -0*m. Suppose 13 = m*k - k. What is the tens digit of k + (-6)/2 + 0?
1
Suppose 0 = -5*l + 8*l + 12. Let k(s) = -10*s + 8. What is the units digit of k(l)?
8
Suppose 0 = 7*x - 3*x - 100. Let k(o) = -2*o**2 - 34*o + 5. Let g be k(-16). Let n = x + g. What is the units digit of n?
2
Suppose 5*t + 0*t - 475 = -5*n, 3*n - 5*t - 269 = 0. Suppose -3*s + n - 24 = 0. What is the units digit of s?
3
Suppose 0 = 17*x + 21311 - 76578. What is the hundreds digit of x?
2
Suppose -5*p + d = -3*p - 194, 3*p - 289 = d. Suppose -c - 3*f = -97, p = 2*c + 2*f - 87. What is the tens digit of c?
8
Let z = 18 - 18. Suppose z*u - 3 = -2*b + 5*u, 4*b + u = -5. What is the tens digit of b + (-5)/(-3)*15?
2
Suppose 4*w - 8*w + 5*d + 2782 = 0, -5*w + 3*d + 3471 = 0. What is the tens digit of w?
9
Let y(r) = r**2 - 8*r + 12. Let g be y(6). Suppose 0 = -g*i + 3*i + l + 193, 4*l = 3*i + 188. Let m = i + 90. What is the units digit of m?
6
What is the tens digit of (84 - 1)*(64 - 2/(-2))?
9
Let c = 1391 - 678. What is the tens digit of c?
1
Let p be (-423)/((-1)/1) + -5 + 6. Let w = -229 + p. What is the units digit of w?
5
Let f(r) = -2*r**2 + 54*r - 13. What is the hundreds digit of f(24)?
1
Suppose 6 + 8 = -7*g. What is the units digit of (-4)/6 + g/((-36)/66)?
3
Suppose -2*h - 42 = -8*h. Suppose 9*t = h*t + 100. What is the tens digit of t?
5
Let p(n) = -3*n + 7. Let c = 2 + 3. Suppose 0 = -2*v - 5*f - 32, -c*v - 2*f - 42 = -4. What is the units digit of p(v)?
5
Let k(i) = -i**3 - i**2 + 2*i + 3. Suppose 2 = -q, q - 2 = -g - 0. Suppose -3*l = g + 2. What is the units digit of k(l)?
3
Suppose 4*g + 356 = -4*b, -g + 85 = -2*g - 2*b. Let t be 2/4 - g/(-6). What is the tens digit of (190/t)/(3/(-9))?
3
Let m = 48 + 80. Suppose 4*n = -5*y + 13 - 3, -5*n = 25. Suppose -s + 56 = -5*l + y, -4*l = -3*s + m. What is the tens digit of s?
4
Suppose 0 = -34*w - 20*w + 111672. What is the tens digit of w?
6
Suppose -2*i - b + 6 = 0, -4 = -3*i + 3*b - 2*b. Let y = i - -3. Suppose -4*a = a - 2*v - 76, a = -y*v - 1. What is the tens digit of a?
1
Suppose 0 = -18*t + 8*t + 6280. What is the hundreds digit of t?
6
Let r = -328 - -627. What is the hundreds digit of r?
2
Suppose 0 = 4*p + 3*j - 1935 - 2552, 0 = 3*p - 3*j - 3381. What is the tens digit of p?
2
Suppose 10 = 2*a + 2. What is the units digit of ((-24)/60)/(a/(-470))?
7
Let h(y) = y**2 - 6*y + 1. Let b be h(5). Let v = 2 + 7. Let q = v + b. What is the units digit of q?
5
Let p(m) = m. Let f(d) = 56*d + 3. Let h(o) = f(o) + 5*p(o). Let y be h(-3). What is the units digit of 6/(-3 + y/(-56))?
8
What is the tens digit of (-1192)/(-3) + (-7)/21?
9
Let v = -3 + 6. Let g = -13 - -16. Suppose 4*h = -v*k + 48, k + h = -g*h + 16. What is the units digit of k?
6
Suppose p - 4548 = -5*h, -3*h - 565 = -3*p - 3301. What is the hundreds digit of h?
9
Suppose 6*g - g - 25 = -5*s, -g - 4*s = -8. Suppose g*r + 39 = 7. Let l(f) = f + 12. What is the units digit of l(r)?
4
Let m(v) be the third derivative of 11*v**7/5040 + v**6/144 - 11*v**5/60 + 6*v**2. Let g(n) be the third derivative of m(n). What is the tens digit of g(4)?
4
Let w(o) = o**2 - 3*o - 338. Let p be w(0). Let u = 537 + p. What is the tens digit of u?
9
Suppose -3*v + 2*m + 1669 = 4*m, 0 = -2*m + 10. What is the units digit of v?
3
Let o = 67 + 1902. What is the thousands digit of o?
1
Let f(o) be the third derivative of o**5/20 - o**4/3 + 7*o**3/6 + 13*o**2. What is the tens digit of f(5)?
4
Suppose -4*q - 28 = -5*z, 5*q + 3*z + 0 - 2 = 0. What is the hundreds digit of ((-283)/q)/((-3)/(-6))?
2
Let w be (-8 - -6 - -1)/(2/(-10)). Suppose -730 = -10*j + w*j. What is the hundreds digit of j?
1
Let a = -6 - -10. Suppose 3*i = -5*r - 16, -3*r = -0*r + 4*i + 14. What is the tens digit of 1 + r + 27 + a?
3
Let q(m) = -m**2 - 11*m + 20. Let g be q(-13). What is the units digit of (-4)/g - 460/(-12)?
9
Suppose o + a - 1 = 1, -o - 2*a = -5. What is the units digit of (4 - 82/o)*2/4?
3
Suppose 0 = 3*i - 9, -2*h - 2*i = -0*i - 770. What is the hundreds digit of h?
3
Let d = 311 + -626. Let q = d - -598. What is the tens digit of q?
8
Suppose 0 = 5*n + 3*f - 2528 - 406, 0 = 2*n - 2*f - 1180. What is the units digit of n?
8
Let o(u) = u**3 + 11*u**2 - 11*u + 17. Let n